16
Evaluate (1 - 10) + 13 + 34 + (0 - -15) + -19.
34
Calculate (-35 - -19) + (2 - 12 - (-27 + 23)).
-22
0 - (10 - 1) - (-3 - -1)
-7
Calculate 2 + 2 + 1 + (1 - 3 - 17) - 4.
-18
What is -41 + -6 + (-14 + -2 + 16 - -11)?
-36
What is the value of -5 + (-6 + -20 - -25) - -65?
59
What is the value of 6682 - 6635 - (0 - -3)?
44
What is the value of (-25 - 135 - (7 + -12 + -3)) + (11 - 3)?
-144
Evaluate 2 + -1 + -76 - (-225 - -201).
-51
What is the value of ((-80 - -39) + 53 - -89) + -1 + -12?
88
What is the value of -108 + 31 + 17 + 114?
54
What is 23 + -22 + (2 - 3 - -7 - 8)?
-1
Calculate 8 - (68 - 67) - (-2 - (2 - -1 - 3)).
9
8 - (133 - (-38 + 174))
11
Evaluate -128 + 122 - (-55 + -34).
83
What is the value of 2 + 0 + 3 - (83 + -107)?
29
What is (-47 - -17) + (-25 - 27) + -39?
-121
Calculate 19 + (4 - (21 + 1)) + -3.
-2
What is the value of (24 + -25 + 31 - -16) + -12 + 1?
35
What is (7 - 4) + 3 + 6 + -30 + 65?
47
What is -17 + (35 + -11 - -51)?
58
What is -49 + 64 - (-1 + -5 + 4 + -7)?
24
What is the value of -2 + 3 + 32 - (35 + -86 - -57)?
27
What is 72 - 12 - (-7 + 13 - -2 - (-3 + 11))?
60
(119 + -176 - -100) + (-2 - 1 - -15)
55
-89 + (-22 - (67 - 198))
20
-14 + (96 - 65) + -21 + 1
-3
Calculate 31 - 19 - ((-16 - -32) + -23).
19
What is the value of 31 + -1 + 84 + -44 + -61?
9
Calculate 45 + -18 + 1 + -11.
17
8 + -64 + -28 + 12 + 13 + -15
-74
Calculate 11 - (-35 - (43 + -107)).
-18
Calculate (21 - ((-1 - (10 + -32)) + -7)) + -107.
-100
What is the value of 105 + 11 + -32 + (4 + -6 - -22)?
104
What is (79 + -11 - 147) + 24 + 0?
-55
What is -7 - -4 - ((9 - 17) + -2 + -8)?
15
(5 - (5 + 6)) + (8 - (-12 + 50))
-36
Evaluate -39 + 18 + -61 + 33.
-49
-11 + -1 - (-33 + (24 - -26))
-29
(21 - (-29 - 3)) + 41 + 0 + 6 + -11
89
Evaluate 0 - 10 - ((212 - 144) + -74).
-4
Evaluate 39 + (-33 - -4) - -29.
39
What is the value of (2 + 10 - 11) + 36 - (0 - -1 - 0)?
36
What is the value of -27 - 72 - 57 - -134?
-22
Evaluate (68 - 0) + -32 - 76.
-40
-118 - -130 - (-47 - -9 - (0 + 1)) - -12
63
8 - (0 + -10) - (-165 + 58)
125
Calculate (63 - (47 - 11)) + (-34 - -15).
8
(-7 + 7 - (-8 + -2)) + (-1 - 21) - 13
-25
Calculate (-9 + 15 - 5) + 6 + (-107 + 8 - -7).
-85
4 - ((9 - (16 + (-5 - -12))) + 0)
18
What is -11 - -20 - -7 - ((14 - 28) + 80)?
-50
((56 - 113) + 17 - (-1 + 1 - -3)) + -1
-44
55 + -2 - 2 - (201 - 200)
50
-130 - (30 + -73) - (1 + 3) - -3
-88
51 + 0 + -52 + 54
53
Calculate -43 + 9 + 18 - (-21 - 9) - (1 + -6).
19
What is (22 - -11 - -2) + -77 + 80?
38
55 - ((68 - 81) + 24 + 1)
43
(-12 - (44 + -22 + -39)) + 25
30
Calculate 7 + (12 + -4 - 94) + 5.
-74
Calculate (20 - 3) + -194 + 212 - 178.
-143
Evaluate 22 + 6 + 66 + -31 + -3.
60
(12 - (-8 + 27 + -6)) + (1 - -25)
25
What is (-49 - (-19 + 27)) + 47?
-10
-10 + (29 - -19) - 50
-12
What is 25 + (15 + -147 - -84)?
-23
-13 + 65 + (14 - (4 - 15 - -9))
68
What is the value of (117 - 108) + (-201 - -91)?
-101
-52 + (44 - (-43 - -51))
-16
What is -3 + (15 - 4 - (5 + -9)) + -49?
-37
Calculate -55 + (-7 - -64) + (3 - 2 - -2 - -46).
51
What is -15 + 0 + 0 + -13 + (834 - 788)?
18
What is (157 - 4) + (1167 - 1259)?
61
Calculate 11 + (-118 + -35 - -36).
-106
What is the value of 11 + (42 - -45) + -59?
39
Calculate 7 + 26 + 6 + (7 - 28).
18
What is the value of 112 + (2 - 39 - (-47 + -5))?
127
What is (-215 - -123 - -3) + 70?
-19
Calculate -68 - -42 - ((-14 - -13) + -12).
-13
-153 - -106 - (24 - 15)
-56
Calculate -54 - (10 - (-6 - (1 + -4 + 0))).
-67
Calculate -37 - -39 - (2 + 20 + -7).
-13
(-19 + 6 - -32) + -7 + 34
46
11 + (-100 + -27 - -28) - 10
-98
-33 + 32 - (-9 + 14 + (16 - -1 - -2))
-25
What is (-24 - (57 + -49)) + 43?
11
Calculate -33 + (-14 - (-11 + 12)) - -7 - -14.
-27
(-79 - 10) + -30 + -26 + 36
-109
What is -102 + (-35 + 31 - (8 + -13 + -8))?
-93
What is -56 + (23 - -12) - (-27 - 0) - (-67 + 1)?
72
-9 - 9 - (9 - (-13 + (21 - 15)))
-34
Evaluate (0 - 9) + 2 - -3 - (73 - (69 + 5)).
-3
What is (0 - 3 - (-16 + 14)) + 25 + -51 + 66?
39
What is the value of -41 - (56 + (-106 - 68)) - (11 + 1 - 0)?
65
Evaluate (-115192 - -115229) + (-30 - (0 + -1)).
8
Evaluate 2 + 7 + 1 + (10 - (-75 - -3) - 9).
83
118 + -11 - (-29 - -7 - -44)
85
Evaluate (-8 - -4) + 3 + -8 - (-56 + 11 + -31).
67
-124 + -14 + -46 + 6 + 82
-96
What is -2437 + 2445 - (25 - 5 - -3)?
-15
What is the value of -102 - (47 + 43 + -284)?
92
What is 7 + -2 + -1 + -3 - (-131 + 100)?
32
What is 120 + (1 + -5 - 1) - 8 - (-34 + 42)?
99
Calculate -12 + -93 + 58 + 35 - (0 - -63).
-75
What is (-119 - 16) + 80 - -83?
28
8 + -8 + (-7 - 5) - -21
9
What is the value of 0 + 0 - (16 - -15 - 11 - 11)?
-9
Calculate (-14 - 2) + 92 + (0 - 19) + -11.
46
Evaluate 0 - 60 - (47 - 42) - (-89 - -86).
-62
Calculate 12 + 26 + -10 + -26 - -3.
5
What is the value of 11 - (36 - 17) - (4 + 0 + 6 + -1)?
-17
What is the value of (0 - 5) + (-17 - -12 - (2 + 31))?
-43
Evaluate -97 - ((2 - 16 - -9 - -4) + -6).
-90
Evaluate 759 + -730 - (9 - (2 - 7 - -4)).
19
Evaluate 3 - ((11 - (8 + -28)) + -6).
-22
Calculate (-4 - -26) + (28 - 58) + -18.
-26
Calculate -45 - (-13 + 30 + -66).
4
What is the value of 4 + -23 + (29 - 19) + (2 - 1) - -6?
-2
What is -21 - -35 - (3 + -43) - (-3 - -1)?
56
What is (-116 - (-75 + -144)) + -116?
-13
What is 5 - (10 + (12 + -5 - 12) + 3) - -5?
2
65 + 2 - (708 + -576)
-65
Evaluate -4 + -18 - (-28 - -30).
-24
What is the value of -234955 + 234935 + (-2 + 1 - (-54 - 1))?
34
What is the value of (-1708 - -1806) + (4 - 175)?
-73
Evaluate (14 - ((51 - 52) + (-1 - 0))) + (21 - 27).
10
Calculate (39 - -12) + -106 - -98.
43
What is (-70 - 58) + 68 + (5 - -5 - -2)?
-48
-104 - -14 - ((-18 + 19 - 18) + 2)
-75
(3 - 15) + (18 + 19 - 21) - -28
32
What is (1 + 53 - (6 - (6 - 11))) + 6?
49
What is (-411 - -349) + (-1 - -18)?
-45
Calculate -11 - -6 - -6 - (42 + -10 - 27).
-4
What is the value of -124 + 113 + -93 + -7?
-111
What is the value of -11 + (0 + -1 - (-5 - -52 - 12))?
-47
What is (-19 - -13) + -2 + 62 + -72?
-18
What is the value of 11 + 0 + 2 + -2 - 46?
-35
Evaluate (3 - 52) + (2708 - 2598).
61
Calculate -71 + 52 + (1 - -45).
27
What is the value of (-92 - -197) + -99 + (-42 - -1)?
-35
Evaluate 43 - (18 + (21 - 12) - 19).
35
Evaluate (-118 - -31) + 106 + 7 + -6 + 2 + -10.
12
Evaluate -21 + -27 + (2 + -8 + 7 - 4 - 0).
-51
What is the value of 50 + (-29 - (41 - 20))?
0
What is the value of -1 + (1 - 7) + -226 + 229 + -6?
-10
Calculate 32 - 1 - (45 + -21 - -116).
-109
-98 + -3 + -14 + (-18 - -35) + (0 - 9)
-107
What is (-5 + 19 - 4) + (-14 - -1 - (5 + -9))?
1
Evaluate 5 + 16 + -316 + 307.
12
Calculate -2 + 0 + (-25 - (22 - 6 - 20)).
-23
Calculate (221 - 179) + (6 - -12).
60
Calculate 4 + -10 + (-10 - (25 - 14)).
-27
What is the value of -5 + 2 + (29 - (12 - 1 - (61 + -49)))?
27
Evaluate (-6 - (-44 - 29) - (0 + 6)) + 2.
63
(-135 + 41 - -91) + -1 + -17
-21
What is 13 - (75 + -2 - (23 - (-9 + 6 - -22)))?
-56
What is (16 + -32 + 13 - (-2 - -11)) + -4 + 12?
-4
Calculate (1 + -3 + -1 - 3) + 2 + -163 + 181.
14
Evaluate 272 + -250 + (-2 + 4 - 4) + 15.
35
3 - (0 + 9) - (7 - (140 - 16) - 9)
120
-102 - (-90 - (46 - 119))
-85
What is -34 - ((19 - 29 - 12 - -29) + -11)?
-30
2304 - 2310 - (7 + 4 + -3 + (-1 - -1))
-14
What is the value of 87 + -101 + 88 - 123?
-49
Evaluate -389 + 356 - (8 - (4 + -2)).
-39
Calculate (15 - (-3 - (6 - (3 - -3)))) + -5 + 5.
18
Calculate -30 - (-14 - (-16 - 19) - (4 - -4)).
-43
Calculate 0 - -7 - (23 + -6 + (-81 - -52)).
19
What is the value of (2 - 6 - ((-10 - -25) + -15)) + 38 - 1?
33
-7 + (-18 - (-46 + 33))
-12
Calculate -12 - 6 - (17 + (5 + -4 - 27)).
-9
What is the value of (9 - 37) + (29 - (-6 + 49))?
-42
What is -8 + (3 - 4) - (-31 - (24 - 25))?
21
Calculate 66 - (18 - (-2 - -27) - -18) - (-2 - -18).
39
Calculate -141 + (82 - (-92 - -20)).
13
What is the value of -693 - -720 - (0 - 0 - -15)?
12
Evaluate -29 + 7 + 36 - (-12 + -2).
28
What is the value of -13 - (36 + (-302 + 299 - (1 + -21)))?
-66
Evaluate 0 + 0 - (-8 + -2) - ((-59 - 29) + 46).
52
What is the value of 10 + -1 + (9 - -2) + -18?
2
Evaluate (27 - (6 + 48) - -15) + -3.
-15
Evaluate -28 - -7 - (-10 + -2 + (-43 - -50)).
-16
Evaluate -27 + (-3 + 0 + -18 - 4).
-52
Evaluate 81 - (70 - 0 - 58).
69
Evaluate -11 + (0 - (4 + 3 + 5 + -9)).
-14
Calculate 1 + -42 + -2 - (-1147 - -1143).
-39
Evaluate -1 + 5 - (27 + 118 + -